p(-5)?
True
Let v = 139 - 36. Does 4 divide v?
False
Let y = 17 + -12. Suppose 4*c - 42 = 5*o - 152, -115 = -y*o + 5*c. Suppose -2*h + o = -h. Is h a multiple of 13?
False
Let g be (-6)/9 + (-701)/(-3). Suppose 4*n - g = 5*i - 93, -4*n - 180 = 5*i. Let m = 53 + i. Is 9 a factor of m?
False
Is 14 a factor of ((-5020)/15)/(-4*2/12)?
False
Let f(s) = s**2 + 7*s - 8. Let l be f(-8). Suppose -5*b = 2*o - 577, l*b + 5*b + 5*o = 565. Is b a multiple of 13?
True
Let v(g) = g**3 - 10*g**2 + 46*g - 7. Is v(5) a multiple of 14?
True
Suppose -6*u + 15 - 63 = 0. Is 14 a factor of -1 + -1 - 1024/u?
True
Suppose 24 = -4*b + 8*b. Suppose k - 43 = b*k + 2*j, 0 = 3*k + 3*j + 24. Let z(l) = l**2 + 3*l + 6. Is z(k) a multiple of 8?
False
Let l be (-10701)/(-12) - 9/(-36). Suppose l + 1106 = 9*o. Does 37 divide o?
True
Let y = 538 - 314. Suppose -2*d - y = -10*d. Suppose 0*q - d = -q. Is 7 a factor of q?
True
Suppose -4 = 7*r - 8*r. Suppose h + 45 = r*h. Is 6 a factor of h?
False
Suppose 0 = 2*g - 13 + 5. Suppose 0 = 5*d + g + 6. Does 9 divide 1 - (3 - 22 - d)?
True
Let g = 453 - 273. Is g a multiple of 8?
False
Suppose 4*l + 68 - 460 = 3*i, 4*l - 2*i = 392. Is 14 a factor of l?
True
Let a(b) = 1196*b - 55. Does 9 divide a(1)?
False
Let z = -422 - -1016. Is 22 a factor of z?
True
Let x(t) = 3*t - 25. Let n be x(23). Suppose -n = 4*m - 268. Does 14 divide m?
True
Let q(b) = -b**3 + 18*b**2 + 2*b - 5. Let d be q(18). Suppose y + 3 = 14. Let w = d - y. Does 5 divide w?
True
Suppose 0*y + 3*y + 17 = -4*h, -9 = y - 2*h. Let x(i) = i**2 - i - 9. Is 8 a factor of x(y)?
False
Let l(j) = 22*j + 220. Is 26 a factor of l(16)?
True
Suppose -5*j + 4*r + 71 = 2*r, 0 = -5*j + 5*r + 65. Does 8 divide j?
False
Let b(r) = 38*r**2 + 3*r - 4. Let a = 52 + -54. Does 7 divide b(a)?
False
Let w be 22 - (-5 - (1 - 3)). Suppose 5*a = 5*b - 35 - w, 2*b - 3*a = 26. Suppose -7*z - b = -8*z. Is 5 a factor of z?
True
Suppose -2*r - 4*l = -38 - 68, -180 = -3*r + l. Suppose -2*i - f + r = 0, 3*f = i - 2*f - 2. Is 9 a factor of i?
True
Let m(t) = t**2 - t - 12. Let a be m(-4). Suppose 0 = a*y - 72 - 40. Does 7 divide y?
True
Suppose 2*i - 5*i = 9, o = i + 6. Suppose -2*s = -5*a - 44, o*a - a = 0. Does 11 divide s?
True
Let a(y) = -5*y. Suppose -12 = -m + 2*b, -b = -0*b + 5. Let d(h) = 25*h + 1. Let z(o) = m*d(o) + 11*a(o). Is 12 a factor of z(-2)?
True
Let z(q) = q**3 - 4*q**2 - 4*q. Let m be z(4). Let o be 1/(4/m) + -4. Is o*10*(-3)/6 a multiple of 6?
False
Suppose 0 = -5*b + 3*k + 552, 5*b + k = -0*k + 536. Suppose -3*o + 91 + 74 = -3*i, -2*o + 4*i = -b. Does 28 divide o?
True
Let v(x) = x + 1. Let s be v(0). Let a be 260/s + 0 + 0. Suppose -a = -5*p + 20. Does 20 divide p?
False
Let g(d) = -3*d**3 + 3*d**2 + 3*d. Let s(w) = w**3 - 8*w**2 + 5*w + 12. Let c be s(7). Does 15 divide g(c)?
True
Suppose -21 = -n + 30. Let t = 75 - n. Suppose -t = -3*k + 2*k. Does 12 divide k?
True
Let y(i) = -i**3 + 19*i**2 + 15*i - 25. Let c = 123 + -104. Does 18 divide y(c)?
False
Is ((-21)/9)/(3*(-7)/1449) a multiple of 2?
False
Suppose 5*p + 1677 = -5*c - 613, 3*c = 4*p + 1832. Let u = -312 - p. Is 22 a factor of u?
False
Let d be -7 + 4 + 9 - 1. Suppose -d*u + 36 + 16 = 4*f, f = -4*u + 35. Does 8 divide u?
True
Let d = -346 - -350. Suppose 0 = 2*y - 7*y + 415. Suppose -9 = 3*t + 3*g - 72, 3*g = -d*t + y. Is 4 a factor of t?
True
Let n(l) = l**3 - 5*l**2 + 4*l - 1. Let t(i) = 2*i**2 - 3*i - 4. Suppose 5*s - 16 = p + 6, 5*s - 28 = -p. Let d be t(p). Is 5 a factor of n(d)?
False
Let k(u) be the second derivative of 1/12*u**4 - 4*u - 5/2*u**2 + 0 + 2/3*u**3. Is 26 a factor of k(6)?
False
Suppose 4*r + 34 - 9 = -3*h, 3*h - 5*r = -16. Let b = 17 + h. Is 2 a factor of b?
True
Suppose 4*a + 0*a - 5*k - 118 = 0, -4*a - 5*k = -98. Suppose -a = -6*o + 3*o. Let t = 42 + o. Does 17 divide t?
True
Let h(k) = -k**3 + 8*k**2 + 3*k - 11. Let j(u) = 7*u - 6*u**2 + 1 - u**2 + u**3 + 1. Let w be j(6). Does 4 divide h(w)?
False
Suppose 9*b = 11*b - 54. Let j be (-168)/b + 4/18. Is j/14 - (-590)/70 a multiple of 8?
True
Suppose 0 = 5*g - 2*i - 1601 - 1000, i = 5*g - 2603. Is g a multiple of 42?
False
Suppose -4*h = 5*r - 28 + 10, -4 = -2*r. Let i(z) = 11*z - 7. Let f be i(h). Suppose 0*n + n + 2*v - f = 0, 2*n - v - 10 = 0. Is 2 a factor of n?
False
Suppose 4*w = -8*z + 5*z + 476, 0 = -z + 4*w + 164. Let r = 250 - z. Is 16 a factor of r?
False
Suppose 5*p - 3*n = 2164 + 3216, -5*n - 3244 = -3*p. Is 29 a factor of p?
True
Let d(t) be the first derivative of -9*t**2/2 + 30*t - 28. Does 21 divide d(-6)?
True
Let u(m) = m**3 + m**2 + 5*m + 2. Let b be u(-3). Let s = b + 72. Is 10 a factor of s?
False
Suppose 240 = 3*m + 2*a - 35, 0 = -5*m + 5*a + 425. Let s = m - 19. Is 10 a factor of s?
True
Suppose -24*a + 25*a + 26 = 0. Let i = -11 - a. Is i a multiple of 3?
True
Let z(c) = -43*c - 235. Is z(-9) a multiple of 89?
False
Let p = -1908 + 3942. Is p a multiple of 18?
True
Suppose 4*x + 2*p - 4*p - 2548 = 0, -2*p - 640 = -x. Is x a multiple of 36?
False
Let u = 1018 - 551. Is 3 a factor of u?
False
Does 16 divide (-6)/4*3584/(-12)?
True
Let p = 94 + -46. Let h = -28 + p. Does 4 divide 3*(1 + h/6)?
False
Let g = -19 + 11. Let m be 461/5 - g/(-40). Let v = m + -35. Is 19 a factor of v?
True
Let m(l) = -20*l - 44. Does 16 divide m(-9)?
False
Let y(z) = z**2 + 5*z + 4. Let s be y(-5). Let u(q) = -12 - 16 + 32 - 3*q + 2*q**2. Does 8 divide u(s)?
True
Let x = 7788 - 4284. Is 36 a factor of x?
False
Let w = 599 - -238. Does 14 divide w?
False
Let o(v) = 7*v - 36. Let g be o(5). Let c(m) be the first derivative of 10*m**3 + m**2/2 + m - 3. Is 9 a factor of c(g)?
False
Let z(i) = 4 + 2 - 199*i + 202*i + 5. Is 10 a factor of z(3)?
True
Let v(q) = 2*q**2 + 3*q - 4. Let r = -5 - -2. Let y be v(r). Let i(d) = 10*d - 7. Is 12 a factor of i(y)?
False
Let y(r) = 6*r**2 - 2*r - 11. Does 55 divide y(-5)?
False
Suppose -u + 110 = -2*p - 99, 206 = u - 3*p. Is u a multiple of 25?
False
Let q(g) = -g**2 - 16*g - 17. Let c = 11 - 25. Let d be q(c). Is 15 a factor of (-2 - 12/(-2)) + d?
True
Let h be (2/2)/((-1)/(-4)). Let f(n) = n - 6. Let a be f(h). Is -3 + 3 + 1 - a even?
False
Let b(z) be the first derivative of -3*z**2/2 - z - 2. Let t be b(-3). Suppose -t = -3*r + 1. Is r even?
False
Let s(z) be the third derivative of z**5/4 - z**4/4 + 11*z**3/6 + 32*z**2. Does 14 divide s(4)?
False
Let b be (3/(-2))/((-21)/56). Suppose 2*j + 65 = 5*i + 4*j, 4*i - 24 = b*j. Is 11 a factor of i?
True
Suppose 0*l - 4*l = -3*k, 5*k = 20. Suppose l*f - 150 - 21 = 0. Is 21 a factor of f?
False
Suppose -m = -3*o - 428, 0*o + 573 = -4*o - m. Let z = -15 - o. Is 32 a factor of z?
True
Suppose -8*b = -5*t - 2*b + 1982, 5*b + 10 = 0. Does 2 divide t?
True
Let r be (-12)/10*(-90)/27. Suppose -5*o = -r*l - 19, -5*l + 5*o - 29 = -9. Let u = 17 - l. Does 8 divide u?
False
Suppose -361 = -8*l + 247. Is l a multiple of 7?
False
Suppose 2*x = 2*t + 28, -59 = -4*x + 4*t + t. Suppose -x*n = -7*n - 368. Suppose -5*h = -5*k + 50 + 140, -2*k - 2*h = -n. Is k a multiple of 14?
True
Let w = 55 - 32. Suppose 5*r + w - 403 = -5*o, -2*r = 8. Is o a multiple of 10?
True
Suppose -369 - 255 = -2*j. Does 16 divide j?
False
Let r(n) = -n**3 - n**2 - n + 7. Let t(k) = 4*k**2 - 24*k - 19. Let j(d) = -d**2 + 6*d + 5. Let h(s) = 9*j(s) + 2*t(s). Let l be h(7). Is r(l) a multiple of 4?
False
Suppose f + 18 = -2*f. Let b be (-1492)/f + 12/(-18). Suppose -4*s + 88 = -b. Does 28 divide s?
True
Let o(q) = 9*q**2 - 9*q + 4. Let v be o(4). Suppose 2*p - 5*u = v + 100, 0 = -4*p + 3*u + 396. Does 30 divide p?
False
Let x be (-3)/(-6)*(-3 - -3). Suppose 0 = 5*z - x*z - 50. Suppose -z*t + 6*t = -92. Is t a multiple of 6?
False
Suppose 5 = -2*p + 3*r, 0 = -3*p + r + 6 - 3. Suppose p*w - 86 - 12 = 0. Is w a multiple of 5?
False
Let w(f) = -31*f - 13. Let u be w(-3). Let s = u - -28. Does 36 divide s?
True
Let u = -40 - -43. Suppose 3*n + v = -v + 185, -5*n + 321 = -u*v. Is 9 a factor of n?
True
Let q = 219 + 38. Is q a multiple of 7?
False
Let c = -138 - -273. Is c a multiple of 27?
True
Let v(z) = -4*z**3 - 3*z**2 + 37*z + 2. Let j(d) = 11*d**3 + 10*d**2 - 110*d - 5. Let n(q) = -6*j(q) - 17*v(q). Is 22 a factor of n(5)?
True
Is (-15)/9 + 7528/24 a multiple of 8?
True
Let l = -105 + 92. Is 7 a factor of (-9 - l) + 